ose 42*z + 63 = d*z. Calculate the remainder when 9 is divided by (-3)/1 + z/7.
3
Calculate the remainder when 3055 is divided by (10 - -57) + -1 - ((-4 - -2) + -5).
62
Suppose -2*b - 166 + 98 = 0. Let x = -7 - b. What is the remainder when 146 is divided by x?
11
Let s = 679 + -676. Suppose -2*b - s - 7 = -2*h, 3*b = -4*h + 41. What is the remainder when 11 is divided by h?
3
Suppose -3*v - v + 708 = 0. Suppose -313 = 152*d - 2057 - 232. Calculate the remainder when v is divided by d.
8
Suppose -668*b = -650*b - 833 + 131. What is the remainder when b is divided by 1/(2 - 9/5)?
4
Suppose -k + 5*k - 3*v - 16 = 0, -16 = -4*k - 4*v. Suppose f - 16 + 10 = 0. What is the remainder when f*3/36 + 122/k is divided by 12?
7
Let d = -79 + 296. Suppose -34*j + 124*j - 4950 = 0. What is the remainder when d is divided by j?
52
Suppose 42 = 3*m - 12. Suppose 0 = -q - 3*z, q - 5*z + 0*z = 0. Suppose q = 4*v + v - 430. Calculate the remainder when v is divided by m.
14
Suppose 5*c - 106 = -51. Let o = 61 + -42. Suppose 0*a + o = a. Calculate the remainder when a is divided by c.
8
Let t(u) = -2*u**3 + 25*u**2 - 9*u - 5. Suppose 3*s = -2 + 17, 55 = 5*g - s. What is the remainder when t(g) is divided by 16?
15
Let r = 8119 + -7564. What is the remainder when r is divided by 138?
3
Let s(t) = -15*t + 1511. What is the remainder when s(33) is divided by 301?
113
Suppose 4*l = i - 12, -i = i. What is the remainder when 17 is divided by (6 - 4)/((-1)/l)?
5
Let c = -115 + 179. What is the remainder when (1056/c)/((-2)/(-12)) is divided by 20?
19
Let a = 71 + -66. Suppose -4*y = -3*k - 49, -a*y = -2*y - 4*k - 42. Let w = 20 - -26. Calculate the remainder when w is divided by y.
6
Suppose -3*i - 9*c = -8*c - 655, -4*i + 895 = -3*c. Let h(q) = -q**2 + 19*q + 28. What is the remainder when i is divided by h(19)?
24
Let z(y) be the first derivative of 5*y**3 + 3*y**2 + 3*y + 23. Let m be z(3). Suppose 17*k - 23*k = -m. What is the remainder when k is divided by 8?
2
Let q = -350 - -130. Suppose 5*n = 2*n - 5*u + 624, 5*u - 411 = -2*n. Calculate the remainder when n is divided by q/99 - (-4)/18 - -45.
41
Let i(j) = 2*j - 20. Let o be i(8). Let r be (-6)/o*-2 - 0. Calculate the remainder when 78 is divided by 20/r*24/(-10).
14
Calculate the remainder when (5/3)/((16/(-2232))/((-10)/15)) is divided by 60.
35
Suppose 3*a - 58 = j, -5*a - 71 + 181 = -5*j. Let w = 117 - a. Calculate the remainder when w is divided by 5.
4
Let p be (-4)/3*(7/(-14) + -4). What is the remainder when ((-1510)/15)/((-4)/p) is divided by 41?
28
Suppose -o - 4*o + 350 = 0. Let k = o + -115. Let b = 77 + k. Calculate the remainder when 126 is divided by b.
30
Suppose 1026*t - 929*t - 2328 = 4074. What is the remainder when 10623 is divided by t?
63
Let o(p) = p**3 + 7*p**2 - 12*p. Let y be o(-8). Suppose 0 = 11*f - 276 - y. What is the remainder when 54 is divided by f?
26
Suppose 5 = r + 4*f - 7, 0 = r + 5*f - 11. Suppose r*g - 2298 = 1734. Calculate the remainder when g is divided by 76.
24
Let a = -28 - -24. Let f = 26 + a. What is the remainder when (-96 + 72)/((-6)/(-8)*-1) is divided by f?
10
Let a(f) be the second derivative of -5/3*f**3 - 1/20*f**5 - 11/12*f**4 + 0 - 5*f + 23/2*f**2. Calculate the remainder when 43 is divided by a(-10).
20
Suppose -209*q + 205*q = -216. Calculate the remainder when 1287 is divided by q.
45
Calculate the remainder when 302 is divided by (-4)/30 - (2898/(-10) + 580/(-435)).
11
Let p(c) = 35*c + 414. What is the remainder when 635 is divided by p(-11)?
26
Let k(x) = 62*x + 17. Let b(p) = -188*p - 50. Let n(f) = -6*b(f) - 17*k(f). What is the remainder when n(4) is divided by 35?
27
Let z(f) = 2*f**3 - 17*f**2 + 14*f + 73. Calculate the remainder when 307 is divided by z(7).
19
Let g = -33 + -72. Let n = -101 - g. Suppose -13 = n*q - 117. What is the remainder when 76 is divided by q?
24
Suppose -2*d - 97 = -f, -94*d = -97*d - 15. What is the remainder when f is divided by 9?
6
Let q(s) = 5*s - 8. Let k = 65 - 63. Let w be q(k). Suppose -a - 5*d + 27 = 0, 11 = 3*a + w*d - 31. What is the remainder when a is divided by 5?
2
Let z = -27 - -188. Calculate the remainder when z is divided by 14 + (12 - 9/1).
8
Suppose -5*f + 23 = -2. Suppose 0 = -2*g + 9*w - 5*w + 20, 2*w - 14 = -5*g. What is the remainder when 16 is divided by -6*(g - f - 0)?
4
Let b(y) = y**2 - 14*y + 12. Let h be b(9). Let k be h/22*(-4)/3. Suppose 3*a - 2*a - 11 = g, 5*a = -k*g + 48. Calculate the remainder when 48 is divided by a.
8
Suppose -665*a = -664*a + 18. Calculate the remainder when 107 is divided by (-35)/315 + (-218)/a.
11
Suppose -5*o + 245 = -2*m - 4, 4*o - 198 = m. Let g = 6 - -7. What is the remainder when o is divided by g?
10
Suppose k = 2*o - 280, o + 5*k = 2*k + 161. What is the remainder when o is divided by 10?
3
Let r = 2457 - 1566. What is the remainder when r is divided by 47?
45
Let w(q) = q**3 - 8*q**2 - 40*q + 289. Let o(u) = 2*u**2 + 7*u + 6. Suppose n - 18 = 4*n. Calculate the remainder when o(n) is divided by w(9).
6
Let s = -108 - -164. Suppose z = -1, -a = -3*z - 10 - 5. Calculate the remainder when s is divided by a.
8
Let x = 8 - 5. Let b(l) = -27*l + 89. Let u be b(-9). Let m = 337 - u. Calculate the remainder when m is divided by x.
2
Suppose -a = -5 + 11. Let d = a + 45. Let p = -29 + d. Calculate the remainder when p is divided by 4.
2
Suppose -378*s + 345*s + 231 = 0. Calculate the remainder when 831 is divided by s.
5
Let u = 995 + -639. Let l = u + -326. Calculate the remainder when l is divided by 16.
14
Let s(x) = 2*x**2 - 14*x + 177. Let q be s(13). Let u = q + -316. What is the remainder when u is divided by 12?
5
Let k = 190 + -103. Suppose 0 = 4*m - b - 236, -k = 5*m + b - 391. What is the remainder when m is divided by 325/130 + 54/4?
12
Suppose 451*q = 447*q + 112. Suppose -2*j - 50 = -5*m, 0 = 3*m - 26*j + q*j - 46. What is the remainder when 43 is divided by m?
7
Let u(i) = -6 - 2*i**3 + i - 15*i**2 + 15*i**2 - 9. Let h be u(0). What is the remainder when 15 is divided by (8 - 1)*h/(-21)?
0
Suppose 5*i + 455 = 10*i - 4*v, 3*i + v - 290 = 0. Calculate the remainder when i is divided by 3.
2
Let w(p) = 72*p**2 + 23 - 6 - 2*p - 8*p + 10 + 16*p**2. What is the remainder when w(3) is divided by 22?
19
Suppose -2*h - 550 = -7*h. Suppose -5*q = -10*q + h. Let x = -1170 - -1174. Calculate the remainder when q is divided by x.
2
Suppose -73*j + 1746 + 2196 = 0. Let c(y) = -y**2 + 7*y + 5. What is the remainder when c(5) is divided by j/99 - 345/(-33)?
4
Suppose -o + d = -0*o - 36, d = 3*o - 100. Calculate the remainder when (o/(-10))/((-24)/480) is divided by 62.
2
Suppose -404 = 4*s - 100. Let v = s + 86. What is the remainder when 59 is divided by v?
9
Suppose -4*r + u + 92 = 5*u, r = -3*u + 23. Calculate the remainder when (-20)/(4/(-7) + (-4896)/(-16065)) is divided by r.
6
Suppose -2*j + 6 = 8, d + 6*j - 2321 = 0. What is the remainder when d is divided by 53?
48
Let j(l) = 3*l**2 - 17*l - 41. What is the remainder when j(-12) is divided by 30?
25
Let t = 5710 - 543. Calculate the remainder when t is divided by 94.
91
Let l be (2 + 2 - 8) + 28*(-3)/(-6). Suppose 2*s = s + 3, -4*v + s + 33 = 0. Suppose l*q - q = v. Calculate the remainder when q is divided by 1.
0
Suppose -396 = -13*l - 422. Let b = l + 70. Calculate the remainder when b is divided by 8.
4
Let y = 20 + -11. Suppose 3*t - 25 = -4*b + y, 3*b - 34 = 2*t. Calculate the remainder when 49 is divided by b.
9
Suppose -7*h + 87763 + 25252 = 0. What is the remainder when h is divided by 299?
298
Let d be (3 + -2)*-2 + (-9 - 11). Calculate the remainder when 2 + (3 + 68 - 3) is divided by 2 + (0 - d*1).
22
Suppose -3*b - 93320 = -4*k, -5*k + 963*b = 959*b - 116651. What is the remainder when k is divided by 81?
80
Suppose 0 = -85*b + 45*b + 1480. Calculate the remainder when 533 is divided by b.
15
Suppose 41 = 28*k - 99. Suppose 2*c - 44 = 2*x - 2, -k*x + 111 = 4*c. Calculate the remainder when c is divided by 16.
8
Calculate the remainder when ((-3)/(-27))/(14/(-126)) + 3 - -8480 is divided by 202.
200
Suppose -3*o = -r + 3 - 13, 1 = o + 2*r. Suppose -o = m + 3*f, -11*m - 2*f + 50 = -6*m. Calculate the remainder when 24 is divided by m.
0
Let d = -2009 - -2218. Calculate the remainder whe